{"id":21,"date":"2026-07-08T21:33:08","date_gmt":"2026-07-08T21:33:08","guid":{"rendered":"https:\/\/skutecznirazem.pl\/index.php\/polityka-prywatnosci\/"},"modified":"2026-07-09T19:01:18","modified_gmt":"2026-07-09T19:01:18","slug":"polityka-prywatnosci","status":"publish","type":"page","link":"https:\/\/skutecznirazem.pl\/index.php\/polityka-prywatnosci\/","title":{"rendered":"Polityka prywatno\u015bci"},"content":{"rendered":"<p>Administratorem danych osobowych jest STOWARZYSZENIE SAMORZ\u0104DOWE &#8222;SKUTECZNI RAZEM&#8221;, KRS 0001248550, NIP 6040271091, REGON 545044780, adres siedziby: Aleksandra Czekanowskiego 8 \/ 18, 83-000 Pruszcz Gda\u0144ski, Polska.<\/p>\n<p>Dane podane przez formularze na stronie s\u0105 przetwarzane w celu kontaktu, obs\u0142ugi deklaracji cz\u0142onkowskich, prowadzenia ewidencji cz\u0142onk\u00f3w, obs\u0142ugi sk\u0142adek oraz realizacji cel\u00f3w statutowych.<\/p>\n<p>Dane mog\u0105 obejmowa\u0107 imi\u0119, nazwisko, PESEL, dat\u0119 urodzenia, dane kontaktowe, adresowe, informacje o aktywno\u015bci cz\u0142onkowskiej, sk\u0142adkach oraz dobrowolnie przekazane informacje o do\u015bwiadczeniu i zainteresowaniach.<\/p>\n<p>Osobie, kt\u00f3rej dane dotycz\u0105, przys\u0142uguje prawo dost\u0119pu do danych, sprostowania, usuni\u0119cia, ograniczenia przetwarzania, sprzeciwu oraz z\u0142o\u017cenia skargi do Prezesa Urz\u0119du Ochrony Danych Osobowych.<\/p>\n<p>Kontakt w sprawach prywatno\u015bci: kontakt@skutecznirazem.pl.<\/p>\n<p>Dost\u0119p do danych maj\u0105 wy\u0142\u0105cznie osoby upowa\u017cnione, w szczeg\u00f3lno\u015bci cz\u0142onkowie zarz\u0105du, administrator cz\u0142onkowski i skarbnik.<\/p>\n","protected":false},"excerpt":{"rendered":"<p>Administratorem danych osobowych jest STOWARZYSZENIE SAMORZ\u0104DOWE &#8222;SKUTECZNI RAZEM&#8221;, KRS 0001248550, NIP 6040271091, REGON 545044780, adres siedziby: Aleksandra Czekanowskiego 8 \/ 18, 83-000 Pruszcz Gda\u0144ski, Polska. Dane podane przez formularze na stronie s\u0105 przetwarzane w celu kontaktu, obs\u0142ugi deklaracji cz\u0142onkowskich, prowadzenia ewidencji cz\u0142onk\u00f3w, obs\u0142ugi sk\u0142adek oraz realizacji cel\u00f3w statutowych. Dane mog\u0105 obejmowa\u0107 imi\u0119, nazwisko, PESEL, dat\u0119 [&hellip;]<\/p>\n","protected":false},"author":1,"featured_media":0,"parent":0,"menu_order":0,"comment_status":"closed","ping_status":"closed","template":"","meta":{"footnotes":""},"class_list":["post-21","page","type-page","status-publish","hentry"],"_links":{"self":[{"href":"https:\/\/skutecznirazem.pl\/index.php\/wp-json\/wp\/v2\/pages\/21","targetHints":{"allow":["GET"]}}],"collection":[{"href":"https:\/\/skutecznirazem.pl\/index.php\/wp-json\/wp\/v2\/pages"}],"about":[{"href":"https:\/\/skutecznirazem.pl\/index.php\/wp-json\/wp\/v2\/types\/page"}],"author":[{"embeddable":true,"href":"https:\/\/skutecznirazem.pl\/index.php\/wp-json\/wp\/v2\/users\/1"}],"replies":[{"embeddable":true,"href":"https:\/\/skutecznirazem.pl\/index.php\/wp-json\/wp\/v2\/comments?post=21"}],"version-history":[{"count":1,"href":"https:\/\/skutecznirazem.pl\/index.php\/wp-json\/wp\/v2\/pages\/21\/revisions"}],"predecessor-version":[{"id":46,"href":"https:\/\/skutecznirazem.pl\/index.php\/wp-json\/wp\/v2\/pages\/21\/revisions\/46"}],"wp:attachment":[{"href":"https:\/\/skutecznirazem.pl\/index.php\/wp-json\/wp\/v2\/media?parent=21"}],"curies":[{"name":"wp","href":"https:\/\/api.w.org\/{rel}","templated":true}]}}

Polityka prywatności

<p>Administratorem danych osobowych jest STOWARZYSZENIE SAMORZĄDOWE &#8222;SKUTECZNI RAZEM&#8221;, KRS 0001248550, NIP 6040271091, REGON 545044780, adres siedziby: Aleksandra Czekanowskiego 8 / 18, 83-000 Pruszcz Gdański, Polska.</p>
<p>Dane podane przez formularze na stronie są przetwarzane w celu kontaktu, obsługi deklaracji członkowskich, prowadzenia ewidencji członków, obsługi składek oraz realizacji celów statutowych.</p>
<p>Dane mogą obejmować imię, nazwisko, PESEL, datę urodzenia, dane kontaktowe, adresowe, informacje o aktywności członkowskiej, składkach oraz dobrowolnie przekazane informacje o doświadczeniu i zainteresowaniach.</p>
<p>Osobie, której dane dotyczą, przysługuje prawo dostępu do danych, sprostowania, usunięcia, ograniczenia przetwarzania, sprzeciwu oraz złożenia skargi do Prezesa Urzędu Ochrony Danych Osobowych.</p>
<p>Kontakt w sprawach prywatności: kontakt@skutecznirazem.pl.</p>
<p>Dostęp do danych mają wyłącznie osoby upoważnione, w szczególności członkowie zarządu, administrator członkowski i skarbnik.</p>

<p>Administratorem danych osobowych jest STOWARZYSZENIE SAMORZĄDOWE &#8222;SKUTECZNI RAZEM&#8221;, KRS 0001248550, NIP 6040271091, REGON 545044780, adres siedziby: Aleksandra Czekanowskiego 8 / 18, 83-000 Pruszcz Gdański, Polska. Dane podane przez formularze na stronie są przetwarzane w celu kontaktu, obsługi deklaracji członkowskich, prowadzenia ewidencji członków, obsługi składek oraz realizacji celów statutowych. Dane mogą obejmować imię, nazwisko, PESEL, datę [&hellip;]</p>
